{"id":1503,"date":"2020-02-17T09:58:07","date_gmt":"2020-02-17T08:58:07","guid":{"rendered":"https:\/\/www.gifhorner-kammerchor.de\/blog\/wordpress\/?page_id=1503"},"modified":"2024-11-20T16:38:47","modified_gmt":"2024-11-20T15:38:47","slug":"chorleiter","status":"publish","type":"page","link":"https:\/\/www.gifhorner-kammerchor.de\/blog\/wordpress\/info\/chorleiter\/","title":{"rendered":"Chorleiter"},"content":{"rendered":"\n<div class=\"wp-block-media-text alignfull is-vertically-aligned-top is-image-fill-element is-stacked-on-mobile\" style=\"grid-template-columns:58% auto\"><figure class=\"wp-block-media-text__media\"><img loading=\"lazy\" decoding=\"async\" width=\"513\" height=\"711\" src=\"https:\/\/www.gifhorner-kammerchor.de\/blog\/wordpress\/wp-content\/uploads\/2020\/04\/Maximilian-Kloth-II.jpg\" alt=\"Maxinilian Kloth\" class=\"wp-image-1707 size-full\" style=\"object-position:67% 47%\" srcset=\"https:\/\/www.gifhorner-kammerchor.de\/blog\/wordpress\/wp-content\/uploads\/2020\/04\/Maximilian-Kloth-II.jpg 513w, https:\/\/www.gifhorner-kammerchor.de\/blog\/wordpress\/wp-content\/uploads\/2020\/04\/Maximilian-Kloth-II-420x582.jpg 420w\" sizes=\"auto, (max-width: 513px) 100vw, 513px\" \/><\/figure><div class=\"wp-block-media-text__content\">\n<p class=\"has-drop-cap wp-block-paragraph\"><strong>Maximilian Kloth <\/strong>&#8211; <em><span class=\"has-inline-color has-accent-color\">Chorleiter seit Oktober 2016<\/span><\/em> &#8211; wurde 1994 in Hannover geboren und wuchs in Wienhausen bei Celle auf. Er studiert an der Musikhochschule sowie der Leibniz Universit\u00e4t Hannover den F\u00e4cher\u00fcbergreifenden Bachelor mit den F\u00e4chern Musik und Geschichte. <\/p>\n\n\n\n<p class=\"has-drop-cap wp-block-paragraph\">Wichtige Impulse erhielt er von Christiane Kroeker (Klavier), Matthias Mensching (Dirigieren) und Florian Lohmann (Gesang). Neben seinem Studium leitet er den Gifhorner Kammerchor sowie den Hannoverschen Singkreis, au\u00dferdem war er an verschiedenen Orchesterprojekten als Dirigent beteiligt. Maximilian Kloth tritt im Raum Hannover regelm\u00e4\u00dfig als Tenorsolist sowie in Ensemble &#8211; Besetzungen in Erscheinung. <\/p>\n\n\n\n<p class=\"has-drop-cap wp-block-paragraph\">Als freier Mitarbeiter ist er im Norddeutschen Rundfunk in den Redaktionen von NDR 1 Radio Niedersachsen und NDR Schlager t\u00e4tig.<\/p>\n<\/div><\/div>\n\n\n\n<hr class=\"wp-block-separator has-css-opacity is-style-wide\"\/>\n\n\n\n<h2 class=\"wp-block-heading\">ehemalige Chorleiter<\/h2>\n\n\n\n<hr class=\"wp-block-separator has-css-opacity is-style-wide\"\/>\n\n\n\n<h6 class=\"wp-block-heading\" id=\"volkart\"><\/h6>\n\n\n\n<p class=\"has-drop-cap wp-block-paragraph\"><strong>Volkart Brand (1941-2017)<\/strong><br><em><span class=\"has-inline-color has-accent-color\">Chorgr\u00fcnder und Chorleiter von 1988 bis 2005<\/span><\/em><br><\/p>\n\n\n\n<p class=\"has-drop-cap wp-block-paragraph\"><\/p>\n\n\n\n<hr class=\"wp-block-separator has-css-opacity is-style-wide\"\/>\n\n\n\n<h6 class=\"wp-block-heading\" id=\"martin\"><\/h6>\n\n\n\n<p class=\"has-drop-cap wp-block-paragraph\"><strong>Martin Peter (*1973)<\/strong><br><em><span class=\"has-inline-color has-accent-color\">Chorleiter von Ende 2005 bis Juni 2010<\/span><\/em><br><\/p>\n\n\n\n<hr class=\"wp-block-separator has-css-opacity is-style-wide\"\/>\n\n\n\n<h6 class=\"wp-block-heading\" id=\"florian\"><\/h6>\n\n\n\n<p class=\"has-drop-cap wp-block-paragraph\"><strong>Florian Lohmann (*1984)<\/strong><br><em><span class=\"has-inline-color has-accent-color\">Chorleiter von August 2010 bis Ende 2015<\/span><\/em><br><br><\/p>\n\n\n\n<hr class=\"wp-block-separator has-css-opacity is-style-wide\"\/>\n\n\n\n<h6 class=\"wp-block-heading\" id=\"anna\"><\/h6>\n\n\n\n<p class=\"has-drop-cap wp-block-paragraph\"><strong>Anna Mittner (*1987)<\/strong><br><em><span class=\"has-inline-color has-accent-color\">Chorleiterin von Januar 2016 bis September 2016<\/span><\/em><br><\/p>\n","protected":false},"excerpt":{"rendered":"<p>Maximilian Kloth &#8211; Chorleiter seit Oktober 2016 &#8211; wurde 1994 in Hannover geboren und wuchs in Wienhausen bei Celle auf. Er studiert an der Musikhochschule sowie der Leibniz Universit\u00e4t Hannover den F\u00e4cher\u00fcbergreifenden Bachelor mit den F\u00e4chern Musik und Geschichte. Wichtige Impulse erhielt er von Christiane Kroeker (Klavier), Matthias Mensching (Dirigieren) und Florian Lohmann (Gesang). Neben [&hellip;]<\/p>\n","protected":false},"author":1,"featured_media":0,"parent":16,"menu_order":2,"comment_status":"closed","ping_status":"closed","template":"","meta":{"_crdt_document":"","footnotes":""},"class_list":["post-1503","page","type-page","status-publish","hentry","entry"],"_links":{"self":[{"href":"https:\/\/www.gifhorner-kammerchor.de\/blog\/wordpress\/wp-json\/wp\/v2\/pages\/1503","targetHints":{"allow":["GET"]}}],"collection":[{"href":"https:\/\/www.gifhorner-kammerchor.de\/blog\/wordpress\/wp-json\/wp\/v2\/pages"}],"about":[{"href":"https:\/\/www.gifhorner-kammerchor.de\/blog\/wordpress\/wp-json\/wp\/v2\/types\/page"}],"author":[{"embeddable":true,"href":"https:\/\/www.gifhorner-kammerchor.de\/blog\/wordpress\/wp-json\/wp\/v2\/users\/1"}],"replies":[{"embeddable":true,"href":"https:\/\/www.gifhorner-kammerchor.de\/blog\/wordpress\/wp-json\/wp\/v2\/comments?post=1503"}],"version-history":[{"count":19,"href":"https:\/\/www.gifhorner-kammerchor.de\/blog\/wordpress\/wp-json\/wp\/v2\/pages\/1503\/revisions"}],"predecessor-version":[{"id":2825,"href":"https:\/\/www.gifhorner-kammerchor.de\/blog\/wordpress\/wp-json\/wp\/v2\/pages\/1503\/revisions\/2825"}],"up":[{"embeddable":true,"href":"https:\/\/www.gifhorner-kammerchor.de\/blog\/wordpress\/wp-json\/wp\/v2\/pages\/16"}],"wp:attachment":[{"href":"https:\/\/www.gifhorner-kammerchor.de\/blog\/wordpress\/wp-json\/wp\/v2\/media?parent=1503"}],"curies":[{"name":"wp","href":"https:\/\/api.w.org\/{rel}","templated":true}]}}