{"id":2740,"date":"2024-08-26T19:18:22","date_gmt":"2024-08-26T17:18:22","guid":{"rendered":"https:\/\/www.gifhorner-kammerchor.de\/blog\/wordpress\/?page_id=2740"},"modified":"2024-08-26T21:02:27","modified_gmt":"2024-08-26T19:02:27","slug":"historie-des-chores","status":"publish","type":"page","link":"https:\/\/www.gifhorner-kammerchor.de\/blog\/wordpress\/info\/historie-des-chores\/","title":{"rendered":"Historie des Chores"},"content":{"rendered":"\n<p class=\"wp-block-paragraph\">Im November 1988 gr\u00fcndete der Musikp\u00e4dagoge&nbsp;<strong>Volkart Brand<\/strong> den Gifhorner&nbsp;Kammerchor mit dem Anliegen, anspruchsvolle A-capella-Musik in der Region Gifhorn zu etablieren. Inspiriert wurde er von den Darbietungen international ausgew\u00e4hlter Ch\u00f6re w\u00e4hrend eines Chorfestivals in Tschechien. Als Schulmusiker mit hoher musikwissenschaftlicher und gesanglicher Kompetenz konnte er schnell Ehemalige seines Schulchores und Mitglieder seines Kollegiums begeistern und zusammen mit weiteren ambitionierten Chors\u00e4ngerinnen und -s\u00e4ngern sein Vorhaben umsetzen. Zun\u00e4chst gestaltete der neue Chor in Gifhorn \u201eOffenes Singen\u201c mit gro\u00dfer Resonanz beim Publikum.<\/p>\n\n\n\n<p class=\"wp-block-paragraph\">In den 17 Jahren seines Wirkens gelang es&nbsp;Volkart&nbsp;Brand, den Chor musikalisch zu entwickeln mit einem umfangreichen Repertoire nationaler und internationaler Vokalmusik vieler Stilrichtungen und Epochen und in regionalen wie auch \u00fcberregionalen Konzerten der \u00d6ffentlichkeit zu pr\u00e4sentieren.<\/p>\n\n\n\n<p class=\"wp-block-paragraph\">H\u00f6hepunkte waren erfolgreiche Teilnahmen am Nieders\u00e4chsischen Chorwettbewerb und mehrere Auslandsfahrten nach Tschechien und Polen, die zu intensiven Kontakten und einem regen Austausch mit dortigen Ch\u00f6ren f\u00fchrten.&nbsp;<\/p>\n\n\n\n<p class=\"wp-block-paragraph\">Die S\u00e4ngerinnen und S\u00e4nger des Chores haben&nbsp;Volkart Brand au\u00dferordentlich viel zu verdanken. Seine nie erm\u00fcdende Motivation, die Genauigkeit seines Dirigats, das die S\u00e4ngerinnen und S\u00e4nger zu h\u00f6chster Pr\u00e4zision anleitete, und die Aufgeschlossenheit f\u00fcr neueste Chorliteratur sch\u00e4tzten die Chormitglieder besonders, aber auch seinen steten Einsatz f\u00fcr eine harmonische Chorgemeinschaft.<\/p>\n\n\n\n<p class=\"wp-block-paragraph\">Im Jahr Winter 2005\/2006 gab Brand die Leitung des Chores krankheitsbedingt an <strong>Martin Peter<\/strong> ab, blieb jedoch dem Chor zu seinem Tod 2016 weiterhin eng verbunden.<\/p>\n\n\n\n<p class=\"wp-block-paragraph\">Martin Peter, selbst Chormitglied, setzte als Nachfolger von&nbsp;Volkart&nbsp;Brand die inhaltliche Ausrichtung des Chors fort und pflegte weiterhin gro\u00dfe Teile des breit angelegten Repertoires. Mit selbst komponierten St\u00fccken und Arrangements f\u00fcr den Chor setzte Martin Peter neue Impulse. Hinzu kamen fortan auch popmusikalische Anteile in den Konzertprogrammen hinzu.<\/p>\n\n\n\n<p class=\"wp-block-paragraph\">Erfolgreich erwies sich seine Arbeit als Chorleiter insbesondere in der Hinf\u00fchrung des&nbsp;Gifhorner Kammerchors zur Teilnahme am Nieders\u00e4chsischen Chorwettbewerb 2009 in L\u00fcneburg.<\/p>\n\n\n\n<p class=\"wp-block-paragraph\">Der&nbsp;Gifhorner&nbsp;Kammerchor beschritt neue Wege, als er sich im Sommer 2010 f\u00fcr <strong>Florian Lohmann<\/strong>, damals Student an der Musikhochschule Hannover, entschied. Quasi \u201eam Puls der Zeit\u201c erreichte Florian Lohmann mit ausgezeichneten Kompetenzen und einer sp\u00fcrbaren Berufung zum Chorleiter eine stetig weiter ausreifende Profilierung des&nbsp;Gifhorner Kammerchors, der sich unter seiner F\u00fchrung vergr\u00f6\u00dferte und verj\u00fcngte.<\/p>\n\n\n\n<p class=\"wp-block-paragraph\">Immer auf der Suche nach einer Balance zwischen bekannter und unbekannter Literatur, setzte er neue Schwerpunkte: Das Repertoire des Gifhorner Kammerchors erweiterte sich um Chorliteratur mit Gesangssolisten und Instrumentalbegleitung.<\/p>\n\n\n\n<p class=\"wp-block-paragraph\">Mit Florian Lohmann feierte der&nbsp;Gifhorner&nbsp;Kammerchor im Jahr 2013 sein 25-j\u00e4hriges Bestehen mit dem Jubil\u00e4umskonzert \u201e \u2026 weil die Engel insgemein&nbsp;selbsten Musikanten sein!\u201c \u2013 einem Querschnitt durch die Musikgeschichte.<\/p>\n\n\n\n<p class=\"wp-block-paragraph\">Aus Hannover kommend \u00fcbernahm <strong>Anna&nbsp;Mittner<\/strong>&nbsp;zu Beginn des Jahres 2016 die Leitung des&nbsp;Gifhorner Kammerchors. Mit ihrem mitrei\u00dfenden Dirigat und anschaulich-einpr\u00e4gsamen Impulsen gelang ihr schnell, eine hohe Akzeptanz im Chor zu erreichen und die gewohnt intensive Probenarbeit auf gleichem Niveau fortzusetzen.<\/p>\n\n\n\n<p class=\"wp-block-paragraph\">Umso trauriger f\u00fcr den gesamten Chor war dann die Tatsache, dass ihr Weg bereits nach einem Dreivierteljahr als Chorleiterin famili\u00e4r bedingt von Hannover weg in die N\u00e4he von Berlin f\u00fchrte.<\/p>\n\n\n\n<p class=\"wp-block-paragraph\">In ihrer Zeit beim&nbsp;Gifhorner Kammerchor konnte sie mit dem Konzert \u201eSongs&nbsp;of&nbsp;Joy&nbsp;and&nbsp;Glory\u201c mit St\u00fccken aus&nbsp;Evensongs&nbsp;f\u00fcr sich und den Chor aber doch ein beeindruckendes Ergebnis ihrer Probenarbeit erreichen.<\/p>\n\n\n\n<p class=\"wp-block-paragraph\">Im Oktober 2016 \u00fcbernahm unser aktueller Chorleiter, <a href=\"https:\/\/www.gifhorner-kammerchor.de\/blog\/wordpress\/info\/chorleiter\/\">Maximilian Kloth<\/a>, die Leitung des Gifhorner Kammerchores. Unter seiner Leitung wurde und wird die langj\u00e4hrige musikalische Arbeit fortgesetzt und das Repertoire erweitert, wie ein Blick auf die <a href=\"https:\/\/www.gifhorner-kammerchor.de\/blog\/wordpress\/info\/konzertchronik\/\">Konzertchronik <\/a>zeigt.<\/p>\n\n\n\n<p class=\"wp-block-paragraph\"><\/p>\n","protected":false},"excerpt":{"rendered":"<p>Im November 1988 gr\u00fcndete der Musikp\u00e4dagoge&nbsp;Volkart Brand den Gifhorner&nbsp;Kammerchor mit dem Anliegen, anspruchsvolle A-capella-Musik in der Region Gifhorn zu etablieren. Inspiriert wurde er von den Darbietungen international ausgew\u00e4hlter Ch\u00f6re w\u00e4hrend eines Chorfestivals in Tschechien. Als Schulmusiker mit hoher musikwissenschaftlicher und gesanglicher Kompetenz konnte er schnell Ehemalige seines Schulchores und Mitglieder seines Kollegiums begeistern und zusammen [&hellip;]<\/p>\n","protected":false},"author":1,"featured_media":0,"parent":16,"menu_order":3,"comment_status":"closed","ping_status":"closed","template":"","meta":{"_crdt_document":"","footnotes":""},"class_list":["post-2740","page","type-page","status-publish","hentry","entry"],"_links":{"self":[{"href":"https:\/\/www.gifhorner-kammerchor.de\/blog\/wordpress\/wp-json\/wp\/v2\/pages\/2740","targetHints":{"allow":["GET"]}}],"collection":[{"href":"https:\/\/www.gifhorner-kammerchor.de\/blog\/wordpress\/wp-json\/wp\/v2\/pages"}],"about":[{"href":"https:\/\/www.gifhorner-kammerchor.de\/blog\/wordpress\/wp-json\/wp\/v2\/types\/page"}],"author":[{"embeddable":true,"href":"https:\/\/www.gifhorner-kammerchor.de\/blog\/wordpress\/wp-json\/wp\/v2\/users\/1"}],"replies":[{"embeddable":true,"href":"https:\/\/www.gifhorner-kammerchor.de\/blog\/wordpress\/wp-json\/wp\/v2\/comments?post=2740"}],"version-history":[{"count":6,"href":"https:\/\/www.gifhorner-kammerchor.de\/blog\/wordpress\/wp-json\/wp\/v2\/pages\/2740\/revisions"}],"predecessor-version":[{"id":2763,"href":"https:\/\/www.gifhorner-kammerchor.de\/blog\/wordpress\/wp-json\/wp\/v2\/pages\/2740\/revisions\/2763"}],"up":[{"embeddable":true,"href":"https:\/\/www.gifhorner-kammerchor.de\/blog\/wordpress\/wp-json\/wp\/v2\/pages\/16"}],"wp:attachment":[{"href":"https:\/\/www.gifhorner-kammerchor.de\/blog\/wordpress\/wp-json\/wp\/v2\/media?parent=2740"}],"curies":[{"name":"wp","href":"https:\/\/api.w.org\/{rel}","templated":true}]}}

<p class="wp-block-paragraph">Im November 1988 gründete der Musikpädagoge&nbsp;<strong>Volkart Brand</strong> den Gifhorner&nbsp;Kammerchor mit dem Anliegen, anspruchsvolle A-capella-Musik in der Region Gifhorn zu etablieren. Inspiriert wurde er von den Darbietungen international ausgewählter Chöre während eines Chorfestivals in Tschechien. Als Schulmusiker mit hoher musikwissenschaftlicher und gesanglicher Kompetenz konnte er schnell Ehemalige seines Schulchores und Mitglieder seines Kollegiums begeistern und zusammen mit weiteren ambitionierten Chorsängerinnen und -sängern sein Vorhaben umsetzen. Zunächst gestaltete der neue Chor in Gifhorn „Offenes Singen“ mit großer Resonanz beim Publikum.</p>



<p class="wp-block-paragraph">In den 17 Jahren seines Wirkens gelang es&nbsp;Volkart&nbsp;Brand, den Chor musikalisch zu entwickeln mit einem umfangreichen Repertoire nationaler und internationaler Vokalmusik vieler Stilrichtungen und Epochen und in regionalen wie auch überregionalen Konzerten der Öffentlichkeit zu präsentieren.</p>



<p class="wp-block-paragraph">Höhepunkte waren erfolgreiche Teilnahmen am Niedersächsischen Chorwettbewerb und mehrere Auslandsfahrten nach Tschechien und Polen, die zu intensiven Kontakten und einem regen Austausch mit dortigen Chören führten.&nbsp;</p>



<p class="wp-block-paragraph">Die Sängerinnen und Sänger des Chores haben&nbsp;Volkart Brand außerordentlich viel zu verdanken. Seine nie ermüdende Motivation, die Genauigkeit seines Dirigats, das die Sängerinnen und Sänger zu höchster Präzision anleitete, und die Aufgeschlossenheit für neueste Chorliteratur schätzten die Chormitglieder besonders, aber auch seinen steten Einsatz für eine harmonische Chorgemeinschaft.</p>



<p class="wp-block-paragraph">Im Jahr Winter 2005/2006 gab Brand die Leitung des Chores krankheitsbedingt an <strong>Martin Peter</strong> ab, blieb jedoch dem Chor zu seinem Tod 2016 weiterhin eng verbunden.</p>



<p class="wp-block-paragraph">Martin Peter, selbst Chormitglied, setzte als Nachfolger von&nbsp;Volkart&nbsp;Brand die inhaltliche Ausrichtung des Chors fort und pflegte weiterhin große Teile des breit angelegten Repertoires. Mit selbst komponierten Stücken und Arrangements für den Chor setzte Martin Peter neue Impulse. Hinzu kamen fortan auch popmusikalische Anteile in den Konzertprogrammen hinzu.</p>



<p class="wp-block-paragraph">Erfolgreich erwies sich seine Arbeit als Chorleiter insbesondere in der Hinführung des&nbsp;Gifhorner Kammerchors zur Teilnahme am Niedersächsischen Chorwettbewerb 2009 in Lüneburg.</p>



<p class="wp-block-paragraph">Der&nbsp;Gifhorner&nbsp;Kammerchor beschritt neue Wege, als er sich im Sommer 2010 für <strong>Florian Lohmann</strong>, damals Student an der Musikhochschule Hannover, entschied. Quasi „am Puls der Zeit“ erreichte Florian Lohmann mit ausgezeichneten Kompetenzen und einer spürbaren Berufung zum Chorleiter eine stetig weiter ausreifende Profilierung des&nbsp;Gifhorner Kammerchors, der sich unter seiner Führung vergrößerte und verjüngte.</p>



<p class="wp-block-paragraph">Immer auf der Suche nach einer Balance zwischen bekannter und unbekannter Literatur, setzte er neue Schwerpunkte: Das Repertoire des Gifhorner Kammerchors erweiterte sich um Chorliteratur mit Gesangssolisten und Instrumentalbegleitung.</p>



<p class="wp-block-paragraph">Mit Florian Lohmann feierte der&nbsp;Gifhorner&nbsp;Kammerchor im Jahr 2013 sein 25-jähriges Bestehen mit dem Jubiläumskonzert „ … weil die Engel insgemein&nbsp;selbsten Musikanten sein!“ – einem Querschnitt durch die Musikgeschichte.</p>



<p class="wp-block-paragraph">Aus Hannover kommend übernahm <strong>Anna&nbsp;Mittner</strong>&nbsp;zu Beginn des Jahres 2016 die Leitung des&nbsp;Gifhorner Kammerchors. Mit ihrem mitreißenden Dirigat und anschaulich-einprägsamen Impulsen gelang ihr schnell, eine hohe Akzeptanz im Chor zu erreichen und die gewohnt intensive Probenarbeit auf gleichem Niveau fortzusetzen.</p>



<p class="wp-block-paragraph">Umso trauriger für den gesamten Chor war dann die Tatsache, dass ihr Weg bereits nach einem Dreivierteljahr als Chorleiterin familiär bedingt von Hannover weg in die Nähe von Berlin führte.</p>



<p class="wp-block-paragraph">In ihrer Zeit beim&nbsp;Gifhorner Kammerchor konnte sie mit dem Konzert „Songs&nbsp;of&nbsp;Joy&nbsp;and&nbsp;Glory“ mit Stücken aus&nbsp;Evensongs&nbsp;für sich und den Chor aber doch ein beeindruckendes Ergebnis ihrer Probenarbeit erreichen.</p>



<p class="wp-block-paragraph">Im Oktober 2016 übernahm unser aktueller Chorleiter, <a href="https://www.gifhorner-kammerchor.de/blog/wordpress/info/chorleiter/">Maximilian Kloth</a>, die Leitung des Gifhorner Kammerchores. Unter seiner Leitung wurde und wird die langjährige musikalische Arbeit fortgesetzt und das Repertoire erweitert, wie ein Blick auf die <a href="https://www.gifhorner-kammerchor.de/blog/wordpress/info/konzertchronik/">Konzertchronik </a>zeigt.</p>



<p class="wp-block-paragraph"></p>

<p>Im November 1988 gründete der Musikpädagoge&nbsp;Volkart Brand den Gifhorner&nbsp;Kammerchor mit dem Anliegen, anspruchsvolle A-capella-Musik in der Region Gifhorn zu etablieren. Inspiriert wurde er von den Darbietungen international ausgewählter Chöre während eines Chorfestivals in Tschechien. Als Schulmusiker mit hoher musikwissenschaftlicher und gesanglicher Kompetenz konnte er schnell Ehemalige seines Schulchores und Mitglieder seines Kollegiums begeistern und zusammen [&hellip;]</p>
